 1131004?
3
What is the tens digit of 750679?
7
What is the hundreds digit of 556441?
4
What is the hundreds digit of 1194356?
3
What is the ten thousands digit of 84344?
8
What is the thousands digit of 450564?
0
What is the units digit of 40822?
2
What is the hundreds digit of 736979?
9
What is the ten thousands digit of 1059327?
5
What is the hundred thousands digit of 213173?
2
What is the ten thousands digit of 172986?
7
What is the ten thousands digit of 260792?
6
What is the units digit of 556988?
8
What is the tens digit of 5377441?
4
What is the hundred thousands digit of 1993535?
9
What is the ten thousands digit of 489632?
8
What is the hundreds digit of 239405?
4
What is the ten thousands digit of 1822987?
2
What is the hundreds digit of 312586?
5
What is the hundreds digit of 935533?
5
What is the hundreds digit of 3044412?
4
What is the tens digit of 649350?
5
What is the units digit of 3650097?
7
What is the thousands digit of 1382034?
2
What is the hundred thousands digit of 839383?
8
What is the hundreds digit of 231248?
2
What is the hundreds digit of 2737641?
6
What is the ten thousands digit of 381757?
8
What is the hundred thousands digit of 8969995?
9
What is the units digit of 403573?
3
What is the millions digit of 13761437?
3
What is the thousands digit of 339652?
9
What is the ten thousands digit of 2186325?
8
What is the tens digit of 5885272?
7
What is the hundreds digit of 706446?
4
What is the hundreds digit of 808201?
2
What is the tens digit of 8474?
7
What is the ten thousands digit of 17953948?
5
What is the hundred thousands digit of 470834?
4
What is the millions digit of 1899440?
1
What is the hundreds digit of 49832?
8
What is the thousands digit of 335890?
5
What is the ten thousands digit of 145362?
4
What is the hundreds digit of 726108?
1
What is the units digit of 19567771?
1
What is the tens digit of 3070914?
1
What is the hundred thousands digit of 146952?
1
What is the tens digit of 171187?
8
What is the hundred thousands digit of 1583474?
5
What is the units digit of 672096?
6
What is the thousands digit of 267490?
7
What is the hundreds digit of 862462?
4
What is the hundreds digit of 18009654?
6
What is the ten thousands digit of 235737?
3
What is the thousands digit of 1440604?
0
What is the tens digit of 1010379?
7
What is the units digit of 4941?
1
What is the thousands digit of 91261?
1
What is the thousands digit of 4577460?
7
What is the millions digit of 1621573?
1
What is the tens digit of 50171?
7
What is the thousands digit of 225859?
5
What is the tens digit of 222327?
2
What is the thousands digit of 816033?
6
What is the thousands digit of 67225?
7
What is the hundreds digit of 422148?
1
What is the hundreds digit of 32013686?
6
What is the millions digit of 17560173?
7
What is the ten thousands digit of 1010693?
1
What is the hundreds digit of 11972107?
1
What is the millions digit of 22865633?
2
What is the millions digit of 6379886?
6
What is the units digit of 1357959?
9
What is the units digit of 334654?
4
What is the thousands digit of 264323?
4
What is the units digit of 2694897?
7
What is the ten thousands digit of 70147?
7
What is the tens digit of 89042?
4
What is the hundreds digit of 305995?
9
What is the thousands digit of 1521353?
1
What is the units digit of 192857?
7
What is the tens digit of 10029361?
6
What is the hundreds digit of 896818?
8
What is the hundreds digit of 148812?
8
What is the units digit of 230225?
5
What is the thousands digit of 51407?
1
What is the hundreds digit of 8621978?
9
What is the hundred thousands digit of 8220816?
2
What is the thousands digit of 273272?
3
What is the ten thousands digit of 200952?
0
What is the units digit of 11254365?
5
What is the tens digit of 195697?
9
What is the ten thousands digit of 325602?
2
What is the tens digit of 4908375?
7
What is the units digit of 2977532?
2
What is the hundreds digit of 521510?
5
What is the units digit of 2775882?
2
What is the tens digit of 544554?
5
What is the hundreds digit of 233931?
9
What is the ten thousands digit of 92921?
9
What is the tens digit of 5576262?
6
What is the ten thousands digit of 10729727?
2
What is the tens digit of 123685?
8
What is the hundreds digit of 614244?
2
What is the units digit of 3629552?
2
What is the tens digit of 4731000?
0
What is the hundred thousands digit of 1738295?
7
What is the ten thousands digit of 275169?
7
What is the tens digit of 3119648?
4
What is the tens digit of 392508?
0
What is the hundred thousands digit of 10334079?
3
What is the thousands digit of 137483?
7
What is the tens digit of 367236?
3
What is the ten thousands digit of 15745038?
4
What is the units digit of 277194?
4
What is the hundred thousands digit of 450235?
4
What is the ten millions digit of 16956227?
1
What is the units digit of 70900?
0
What is the units digit of 34277570?
0
What is the hundreds digit of 7136737?
7
What is the hundred thousands digit of 13353752?
3
What is the tens digit of 695120?
2
What is the ten thousands digit of 49236?
4
What is the tens digit of 304408?
0
What is the hundreds digit of 398513?
5
What is the ten thousands digit of 2324309?
2
What is the thousands digit of 666512?
6
What is the thousands digit of 3010419?
0
What is the hundred thousands digit of 124781?
1
What is the hundred thousands digit of 889155?
8
What is the millions digit of 6817617?
6
What is the hundreds digit of 5414159?
1
What is the hundreds digit of 11200970?
9
What is the millions digit of 17474166?
7
What is the hundreds digit of 35030218?
2
What is the millions digit of 2299528?
2
What is the ten thousands digit of 9320058?
2
What is the units digit of 2289954?
4
What is the hundreds digit of 2737906?
9
What is the tens digit of 812476?
7
What is the units digit of 272411?
1
What is the ten thousands digit of 466817?
6
What is the hundreds digit of 3201434?
4
What is the ten thousands digit of 435641?
3
What is the thousands digit of 357344?
7
What is the tens digit of 1029106?
0
What is the ten thousands digit of 626344?
2
What is the units digit of 967740?
0
What is the ten thousands digit of 259756?
5
What is the thousands digit of 9706998?
6
What is the tens digit of 3373933?
3
What is the hundreds digit of 7869544?
5
What is the hundred thousands digit of 18939644?
9
What is the ten thousands digit of 7276319?
7
What is the hundred thousands digit of 3353537?
3
What is the thousands digit of 517187?
7
What is the ten thousands digit of 203320?
0
What is the thousands digit of 2091430?
1
What is the ten thousands digit of 4252786?
5
What is the hundred thousands digit of 316206?
3
What is the tens digit of 319277?
7
What is the hundred thousands digit of 783812?
7
What is the hundreds digit of 345189?
1
What is the hundred thousands digit of 31187037?
1
What is the hundreds digit of 705?
7
What is the hundred thousands digit of 1112802?
1
What is the tens digit of 1246486?
8
What is the millions digit of 2337726?
2
What is the units digit of 244974?
4
What is the ten thousands digit of 5348234?
4
What is the units digit of 2003384?
4
What is the ten thousands digit of 514142?
1
What is the hundreds digit of 5636111?
1
What is the ten thousands digit of 24663515?
6
What is the ten thousands digit of 1048932?
4
What is the tens digit of 70840?
4
What is the hundred thousands digit of 4360412?
3
What is the thousands digit of 622566?
2
What is the millions digit of 34789216?
4
What is the millions digit of 1813842?
1
What is the units digit of 4268124?
4
What is the hundreds digit of 335540?
5
What is the ten thousands digit of 46039?
4
What is the units digit of 150855?
5
What is the tens digit of 744236?
3
What is the ten thousands digit of 146313?
4
What is the ten thousands digit of 17910468?
1
What is the ten thousands digit of 251854?
5
What is the units digit of 2432894?
4
What is the units digit of 2621983?
3
What is the thousands digit of 2067493?
7
What is the millions digit of 1353054?
1
What is the ten thousands digit of 28802?
2
What is the millions digit of 2324539?
2
What is the tens digit of 3632970?
7
What is the ten thousands digit of 96798?
9
What is the ten thousands digit of 1065662?
6
What is the hundreds digit of 612183?
1